4/(-10))/((-2)/c). What is the greatest common divisor of k and 14?
14
Suppose -5 + 2 = -d. Suppose 0 = -d*h - 2*j + 17 + 3, j = -5*h + 24. Let r(u) = u**2 + u + 32. Let q be r(0). Calculate the greatest common factor of h and q.
4
Let u be (-39)/12 - 1/(-4). Let p = u + 5. Suppose -p*w = -w - 12. Calculate the greatest common divisor of 6 and w.
6
Suppose -2*u + 4*u - 44 = -4*w, 11 = w + 5*u. Calculate the greatest common factor of 33 and w.
11
Let t = -8 + 25. Calculate the greatest common factor of 17 and t.
17
Suppose 2*l - 10 = 4*z, -z = 5*l + z - 25. Let p(d) = -2*d + d**2 - l + 0 + 2. Let q be p(-3). Calculate the highest common factor of q and 84.
12
Let s(x) = x + 1 + 0 + 2. Let k be s(0). Suppose k + 1 = 4*n. Calculate the greatest common divisor of n and 9.
1
Suppose 5 = 4*s + s. Let d be (-34)/(-8) - s/4. Let m be (-15)/1*4/(-3). What is the highest common divisor of d and m?
4
Let h be 1/((2/(-8))/(-1)). What is the greatest common factor of 32 and h?
4
Suppose 0 = -3*k + 6*k + 27. Let f = k - -18. Let s be (1/(-2))/((-2)/396). What is the highest common factor of s and f?
9
Suppose -5*y = -2*y - 117. Suppose 5*j = 3*i - y + 5, 54 = 4*i + 2*j. Calculate the greatest common divisor of 117 and i.
13
Let h(s) = -8*s - 2. Let z(w) = -w. Let t(v) = h(v) - 12*z(v). Let g be t(3). What is the highest common factor of 40 and g?
10
Let l = 36 + 40. What is the greatest common factor of 190 and l?
38
Suppose 0 = 7*z - 2689 + 1072. Calculate the greatest common divisor of z and 21.
21
Let v(i) = 3*i**2 + 7*i + 5. Let p be v(-5). Suppose -c + 41 = a, -a - p = 5*c - 246. What is the greatest common divisor of 4 and c?
4
Let c = -27 - -34. Calculate the greatest common divisor of c and 14.
7
Suppose 3*k + 3*x - 657 = 0, 2*x = 5*k + 3*x - 1099. Calculate the greatest common divisor of 20 and k.
20
Let b(h) = 44*h - 4. Let y be b(1). What is the highest common divisor of 40 and y?
40
Let d(f) = -f**2 + 7*f - 1. Let x be 2/(0 - 1/(-4)). Let r be d(x). Let h = r - -18. Calculate the highest common divisor of 99 and h.
9
Let b(q) = 3*q**2 - 2*q - 2. Let y be b(3). What is the greatest common factor of y and 95?
19
Let h = 236 - 101. What is the greatest common factor of 30 and h?
15
Let c(z) be the second derivative of -z**4/12 + 3*z**3/2 - z**2 - 3*z. Let l be c(6). Suppose -4*u + l = -8. Calculate the greatest common factor of u and 30.
6
Let o be (-8)/12 + (-1856)/6. Let i be 8/(-36) + o/(-18). Calculate the highest common divisor of 51 and i.
17
Let s(f) = f**3 - f**2 - 5*f + 3. Let o be s(3). Let g be 2/o - (-47)/3. Let z be (-1)/(-2) - 31/(-2). What is the highest common factor of g and z?
16
Let o = -78 - -153. Calculate the greatest common factor of 15 and o.
15
Let b(h) = -h**3 + 10*h**2 + 13*h + 1. Let w be b(11). Calculate the greatest common factor of 46 and w.
23
Let x be (-664)/(-6)*18/4. Suppose -5*o - 2*d = -x - 54, -o + 5*d = -132. What is the greatest common divisor of 14 and o?
14
Let x(s) = -s**3 - 5*s**2 - 4*s - 4. Let p be x(-5). What is the greatest common divisor of p and 16?
16
Suppose -2*g = -15 + 5. Calculate the highest common factor of 5 and g.
5
Suppose 3*j - 3*c = 36, -24 = -7*j + 6*j + 5*c. Calculate the highest common factor of 21 and j.
3
Suppose p = j + 5, 0 = 5*p - 0*j + 4*j - 7. Let h be (-2)/p + (-4)/(-6). Let f be 1*(h - -2*1). What is the greatest common factor of 22 and f?
2
Let l(h) = -2*h + 4. Let p be l(-8). Let t(i) = i + 1. Let c be t(4). Suppose c*w + 10 = 6*w. Calculate the greatest common factor of w and p.
10
Let u(c) = -c**2 - c + 6. Let g be u(0). Let l = -66 - -23. Let v = -25 - l. Calculate the highest common factor of v and g.
6
Let b(o) = o**2 - 2*o + 4. Let t be b(2). What is the highest common factor of 16 and t?
4
Let p = 14 - -6. What is the greatest common divisor of 30 and p?
10
Let f(o) = -o**2 - 11*o - 5. Let u be f(-10). Calculate the highest common factor of u and 10.
5
Suppose 0 = -5*p + 3*r + 373, -4*p + r = 4*r - 320. What is the greatest common factor of 7 and p?
7
Let h = -43 + 59. Let a be (1 - -3)*2/4. Calculate the highest common factor of a and h.
2
Let m = -79 - -106. Calculate the greatest common factor of m and 1.
1
Let x = 36 - 24. Let j = 9 + x. Calculate the highest common divisor of 7 and j.
7
Let p = 5 - -14. Calculate the highest common divisor of 19 and p.
19
Suppose 12 = -18*c + 22*c. Let t be 2/6 + 186/9. Calculate the highest common divisor of t and c.
3
Suppose -7*k - 4*u - 10 = -2*k, 2*k - 19 = 3*u. Let p = k - -14. Let m = 37 - p. Calculate the highest common divisor of 63 and m.
21
Let y(c) = c**2 - 3*c + 8. Let z be y(5). Calculate the greatest common factor of z and 27.
9
Let z = 118 - 30. Let y(b) = -b**3 + b**2 + b - 2. Let u be y(-2). What is the highest common factor of u and z?
8
Suppose w - 72 = -w. Calculate the greatest common factor of 24 and w.
12
Suppose 923 + 187 = 5*d. Let p = -132 + d. Calculate the highest common factor of 36 and p.
18
Suppose 5*t + 166 = -v, 2*t = -v - 238 + 60. Let r = -102 - v. What is the greatest common factor of r and 12?
12
Suppose 486 = 18*g - 21*g. Suppose -2*i - 161 = 19. Let x = i - g. What is the greatest common divisor of 9 and x?
9
Let v(q) = 8 - 4*q - q - q + 5*q. Let k be v(0). What is the highest common factor of k and 2?
2
Let z be (2 - 38)/(-3)*6. Suppose -54 = -3*l + 3*o, 0 = 4*l + 5*o - 3*o - z. What is the greatest common divisor of l and 6?
6
Let k be ((1 - 0)*0)/1. Suppose k = s + 2*s - 15. Suppose s*o = 9 + 71. What is the greatest common factor of 64 and o?
16
Let k = -4 + 44. What is the highest common divisor of 40 and k?
40
Let n(c) = 2*c**2 - 2*c - 4. Let s be n(3). Let r(z) = -3*z**2 + 7*z - 13. Let b be r(7). Let v = -55 - b. What is the highest common factor of s and v?
8
Let u(o) = 7*o**2. Let v be u(-3). Let b = v - 21. Calculate the greatest common factor of 6 and b.
6
Suppose -4*z + 5*p = -7*z + 41, -4*z + 3*p = -45. Calculate the greatest common factor of z and 18.
6
Let d be (-3 - (-5 - -2)) + 34. Calculate the greatest common factor of d and 51.
17
Let l(h) = -h - 1. Let d be l(-9). Let a(q) = q**3 - 2*q**2 - 2*q. Let y be a(3). Let n be 2/(-1) - (-12)/y. Calculate the greatest common divisor of n and d.
2
Let y(g) = g**2 - 4. Let f be y(4). Let a = f + 9. What is the highest common divisor of 189 and a?
21
Suppose -5*s - 27 = v, -3*v + 2 = 2*s + 5. Let h be (2/s)/(1/(-24)). What is the highest common divisor of 4 and h?
4
Let n be ((-10)/(-4))/(-1)*-2. Let t be ((-9)/(-2))/((-12)/(-120)). Calculate the highest common divisor of n and t.
5
Let a(w) = -9*w - 50. Let y be a(-7). Calculate the highest common divisor of y and 52.
13
Let u(d) = 3*d**2 + 3*d. Suppose 4*n - n = 6. Suppose -n*x - 5 = -j, 3*x - 4*x - 4*j = 7. Let v be u(x). Calculate the highest common divisor of 2 and v.
2
Let x be (-1)/3 + 498/9. Let v = -6 - -6. Suppose m - 3*j + v = 7, 4*j = 20. What is the highest common divisor of m and x?
11
Let d = -19 - -22. Suppose 0 = d*m + 2*m - 50. Calculate the greatest common factor of 30 and m.
10
Suppose -5*o + 11 = 3*w - 51, -18 = -3*o + 3*w. Suppose 5*c + 1 = f, 5*f = c + 3 + 2. Let q = 9 + f. What is the greatest common divisor of o and q?
10
Suppose 0 = -i + 62 + 216. Suppose 0 = 4*b + r - 356, -5*b - 5*r + 182 + i = 0. Calculate the highest common divisor of 8 and b.
8
Let z = 3 - 2. Let i be (10/(-35))/(z/(-7)). Suppose 0 = 3*d - 4*v - 34, 4*d + d = -5*v + 45. Calculate the greatest common factor of d and i.
2
Let c(l) = l**3 - 6*l**2 - 6*l - 2. Let a be c(7). Let r(n) = -n**2 - 12*n - 12. Let x be r(-8). Calculate the highest common factor of x and a.
5
Suppose -c = 3*t + 2*t - 55, 4*t = 4*c - 292. Let w(a) = 2*a + 2. Let i be w(4). What is the highest common divisor of i and c?
10
Let j be (-8)/(-12) - 155/(-15). Let m be (7 + 2 - 1)/2. Suppose m*f + 0*z + z = -1, -2*f + 2*z = -12. Calculate the highest common divisor of f and j.
1
Suppose 86 = 5*w - 314. Calculate the highest common divisor of w and 20.
20
Suppose 3*p - 7 = 4*p. Let u(b) = -b**2 - 7*b + 15. Let r be u(p). Calculate the greatest common divisor of r and 60.
15
Let v = 7 + 9. Suppose v = -a - a. Let g = -5 - a. What is the greatest common factor of g and 21?
3
Let s = 7 - 5. Suppose -5*m + s = 17. Let